.
3
Let u(g) = 27*g + 33. Give u(2).
87
Let f(o) = -2*o**2 - 10*o + 72. Give f(5).
-28
Let f(v) = 14*v**3 + 2*v**2 + 16*v + 37. Calculate f(-3).
-371
Let g(v) = 14*v**2 + 784*v + 3. Give g(-56).
3
Let p(m) = -16*m**3 + m**2 + 1. What is p(1)?
-14
Let c(r) = -2*r**3 + 520*r**2 - 3*r + 774. Calculate c(260).
-6
Let d(o) = -2*o**3 - 9*o**2 - 52*o - 170. Calculate d(-4).
22
Let j(v) = 50*v**3 + 2*v**2 + 6*v + 3. Determine j(-1).
-51
Let a(v) = -570*v + 2285. Give a(4).
5
Let o(g) = -41*g - 52. Determine o(-3).
71
Let y(j) = 7*j**3 + 68*j**2 + 30*j - 139. Calculate y(-9).
-4
Let x(z) = -16*z - 10. What is x(-7)?
102
Let n(b) = 37*b - 189. Determine n(5).
-4
Let o(j) = -244*j + 3908. Calculate o(16).
4
Let n(k) = -2*k - 106. Give n(-9).
-88
Let i(s) = -s**2 - 677*s - 113525. What is i(-306)?
1
Let j(y) = -88*y - 2949. What is j(-33)?
-45
Let w(s) = -3*s**2 - 205*s - 2395. Determine w(-15).
5
Let h(j) = 15702*j + 94247. Give h(-6).
35
Let y(g) = -g**3 + 25*g**2 + 120*g - 108. Give y(29).
8
Let r(o) = o**3 + 127*o**2 - 276*o - 2308. Determine r(-129).
14
Let y(n) = 16*n - 1269. Determine y(78).
-21
Let f(p) = 14*p**2 + 363*p - 16. Determine f(-26).
10
Let u(o) = -877*o - 7011. Give u(-8).
5
Let x(s) = s**2 - 38*s + 158. Give x(33).
-7
Let f(b) = -b**2 + 79*b - 953. What is f(17)?
101
Let z(b) = b**3 + 8*b**2 + b + 74. Give z(-9).
-16
Let b(p) = 98*p - 825. Determine b(10).
155
Let a(r) = r**2 + 24*r + 85. Calculate a(-20).
5
Let q(u) = 630*u + 75. Calculate q(0).
75
Let b(m) = -63*m + 2859. Give b(45).
24
Let k(q) = q**3 - 19*q**2 + 15*q + 287. Determine k(17).
-36
Let g(p) = -6*p - 28. Give g(-4).
-4
Let q(f) = -34*f**2 + 479*f - 37. What is q(14)?
5
Let z(w) = -13*w - 354. Determine z(-24).
-42
Let n(p) = 8*p**3 - 6*p**2 - 2*p + 11. Give n(-3).
-253
Let i(j) = -6*j**3 - 41*j**2 - 6*j - 33. What is i(-7)?
58
Let c(d) = -2*d**2 + 40*d + 25. Determine c(26).
-287
Let i(a) = -100*a + 33. Calculate i(-3).
333
Let z(t) = t**3 - 3*t**2 - 89*t - 10. Give z(-8).
-2
Let q(z) = -z**3 + 6*z**2 + 3*z + 96. Determine q(8).
-8
Let n(h) = 6*h**3 - 8*h**2 + 9*h - 15. Determine n(3).
102
Let b(k) = k**2 + 24*k - 637. Determine b(-43).
180
Let k(d) = d**2 - 19*d - 30. Give k(14).
-100
Let f(q) = 6*q**3 - 71*q**2 - 14*q + 105. Give f(12).
81
Let a(r) = 46*r + 1284. Determine a(-28).
-4
Let p(h) = -h**3 - 14*h**2 + 48*h - 56. Give p(-17).
-5
Let c(h) = -248*h**3 + 1984*h**2 - 2*h + 10. What is c(8)?
-6
Let g(a) = -3*a**3 - 48*a**2 + 48*a - 46. Determine g(-17).
5
Let q(r) = -r**3 + 2*r**2 + 2*r - 53. Give q(-5).
112
Let x(t) = -23*t - 630. Determine x(-28).
14
Let r(t) = 3*t**2 - 70*t + 231. Calculate r(4).
-1
Let j(o) = -2*o**3 - o**2 + 48*o - 203. Give j(4).
-155
Let a(o) = 17*o - 610. Give a(36).
2
Let c(m) = -452*m**2 + 9037*m + 65. Give c(20).
5
Let t(h) = 19*h**2 + 119*h + 168. What is t(-4)?
-4
Let z(h) = -111*h - 552. Determine z(-5).
3
Let q(b) = -21*b - 417. Determine q(-23).
66
Let p(n) = -n**2 + 37*n - 242. Give p(26).
44
Let f(k) = -1606*k - 7991. What is f(-5)?
39
Let n(d) = -2*d**3 - 400*d**2 + 390*d - 2419. Calculate n(-201).
-7
Let v(g) = g**2 - 99*g - 100. Calculate v(100).
0
Let x(r) = 9975*r + 89776. What is x(-9)?
1
Let l(v) = v**3 + 15*v**2 - 39*v - 19. Give l(-17).
66
Let y(i) = 24*i + 67. Give y(-5).
-53
Let m(p) = -p**3 + 10*p**2 - 36*p - 3. Determine m(8).
-163
Let m(i) = 2*i**2 + 13*i - 177. Calculate m(-13).
-8
Let y(a) = -4*a**2 - a + 351. What is y(12)?
-237
Let f(s) = 559*s**2 - 102*s + 104. What is f(1)?
561
Let p(i) = i**3 - 298*i**2 - 2140*i - 44. Determine p(-7).
-9
Let p(m) = 5107*m + 10210. What is p(-2)?
-4
Let s(a) = 47*a**2 + 18*a + 1. Give s(3).
478
Let n(d) = d**3 - 17*d**2 - 481*d + 23. Give n(32).
-9
Let d(l) = -702*l - 2792. What is d(-4)?
16
Let a(o) = 908*o + 9180. Calculate a(-10).
100
Let g(t) = -15*t**2 + 586*t - 30. Give g(39).
9
Let h(p) = -p**3 + 6*p**2 + 40*p - 288. Give h(7).
-57
Let a(q) = -24*q - 943. Determine a(-37).
-55
Let g(q) = 2*q**2 - 100*q - 1211. Give g(60).
-11
Let s(j) = -j**2 + 3*j + 564. What is s(25)?
14
Let d(l) = l**3 - 16*l**2 - 115*l - 56. What is d(-5)?
-6
Let y(r) = -57*r - 215. What is y(-4)?
13
Let j(m) = -906*m - 4515. Give j(-5).
15
Let h(l) = -l**3 + 14*l**2 - l + 5. Give h(14).
-9
Let z(p) = p**2 + 25*p + 141. Calculate z(-10).
-9
Let m(r) = -r**2 - 50*r + 164. Determine m(-48).
260
Let k(o) = 1776*o + 104774. Calculate k(-59).
-10
Let v(q) = q**3 + 175*q**2 - 65*q - 11368. Calculate v(-175).
7
Let s(g) = -2*g**3 + 15*g**2 - 14*g + 16. Determine s(8).
-160
Let k(f) = 3*f**2 + 54*f + 33. What is k(-17)?
-18
Let a(u) = 3*u - 145. Give a(47).
-4
Let i(p) = -728*p - 2917. Give i(-4).
-5
Let y(j) = 1717*j - 5144. What is y(3)?
7
Let a(f) = -f**2 - 602*f - 18236. Calculate a(-32).
4
Let p(v) = -2*v**3 + 33*v**2 - 30*v + 4. What is p(15)?
229
Let y(j) = j**3 - 15*j**2 + 3*j + 8. What is y(15)?
53
Let i(v) = -2*v**2 + 13*v + 20. Determine i(-7).
-169
Let w(h) = -h**2 + 53*h + 102. Determine w(-2).
-8
Let t(p) = -14*p**2 - 1413*p - 2827. Give t(-2).
-57
Let a(m) = 1806*m + 5416. Calculate a(-3).
-2
Let q(t) = 798*t - 2353. Calculate q(3).
41
Let a(j) = 427*j - 5771. Determine a(13).
-220
Let h(i) = -3*i**3 - 42*i**2 + 55*i + 157. Determine h(-15).
7
Let s(y) = 245*y + 802. Determine s(-4).
-178
Let t(v) = -56*v - 228. Determine t(-4).
-4
Let v(o) = -o**3 + 66*o**2 + 135*o + 70. Determine v(68).
2
Let k(j) = 35*j + 274. What is k(-9)?
-41
Let b(r) = -r**3 - 148*r**2 + 428*r - 3730. Give b(-151).
45
Let w(y) = 38*y**2 + 59*y - 179. What is w(3)?
340
Let p(l) = -85*l**2 - 2871*l + 652. Calculate p(-34).
6
Let l(x) = 2*x**2 + 727*x + 10447. What is l(-15)?
-8
Let d(k) = 70*k - 574. What is d(8)?
-14
Let z(v) = -v**3 + 31*v**2 - 33*v + 52. Give z(30).
-38
Let k(n) = -778*n + 130713. Give k(168).
9
Let f(g) = -3933*g - 145508. Give f(-37).
13
Let i(d) = 2*d**2 + 37*d - 57. Calculate i(-19).
-38
Let g(b) = -7*b**2 - 18. Give g(3).
-81
Let f(q) = 2*q**3 + 49*q**2 + 65*q - 103. Determine f(-23).
-11
Let d(j) = -10*j**2 - 2198*j + 14018. Determine d(-226).
6
Let q(m) = m**2 + 3*m + 31. What is q(-7)?
59
Let t(r) = -3*r - 208. Determine t(0).
-208
Let j(p) = -p**2 - p + 244. Determine j(15).
4
Let u(q) = -30*q**3 + 6*q**2 + 9*q - 5. What is u(-2)?
241
Let r(n) = 4*n**3 - 26*n**2 - 40*n + 240. Calculate r(6).
-72
Let o(j) = 22*j**3 - 11*j - 47. Calculate o(-3).
-608
Let x(w) = 8*w**3 - 761*w**2 + 95*w - 66. Give x(95).
-66
Let u(v) = -46*v**2 - 654*v - 67. Calculate u(-14).
73
Let v(u) = -u**3 - 23*u**2 - 70*u + 228. Determine v(-18).
-132
Let x(p) = 2*p**3 + 15*p**2 + 9*p + 3. Determine x(-7).
-11
Let m(q) = q**2 + 23*q - 248. Calculate m(-30).
-38
Let c(t) = t**3 + 13*t**2 - 15*t + 7. What is c(-15)?
-218
Let m(b) = -52*b + 45. Calculate m(1).
-7
Let a(y) = -y**3 - 9*y**2 + 2*y + 76. Calculate a(-6).
-44
Let v(n) = n**3 + 160*n**2 + 1507*n + 1115. Give v(-150).
65
Let s(g) = 258*g - 5495. Calculate s(21).
-77
Let m(x) = -x**3 + 88*x**2 + 241*x + 2951. Give m(91).
39
Let g(q) = 78*q + 242. Calculate g(-3).
8
Let v(u) = -61*u - 9. Determine v(-8).
479
Let z(p) = 76*p**3 + 3*p**2 + 3*p - 2. Determine z(1).
80
Let o(s) = 2*s**3 - 35*s**2 + 119*s - 30. What is o(4)?
14
Let q(r) = 5*r**2 + 46*r + 87. What is q(-11)?
186
Let d(o) = -24*o - 2410. Determine d(-102).
38
Let p(y) = -7*y**3 - 110*y**2 + 19*y - 23. Calculate p(-16).
185
Let x(o) = 2*o**3 + 21*o**2 + 34*o + 9. Give x(-8).
57
Let j(p) = p**3 + 41*p**2 - 132*p + 11. Determine j(-44).
11
Let s(u) = -406*u + 42225. Calculate s(104).
1
Let x(p) = -2*p**3 - 4*p**2 - 32*p - 177. Determine x(-5).
133
Let i(c) = -5*c**2 - 84*c + 134. Determine i(-19).
-75
Let c(y) = 2*y**3 - 7*y**2 - 15*y + 16. What is c(5)?
16
Let o(b) = -243*b - 1943. Determine o(-8).
1
Let o(h) = h**2 + 76*h + 765. Give o(-67).
162
Let g(t) = -3*t**3 - 323*t**2 + 109*t + 96. Calculate g(-108).
-12
Let d(g) = 12666*g - 76001. Give d(6).
-5
Let x(j) = -j**3 + 2*j**2 + 69*j - 71. Calculate x(1).
-1
Let c(n) = -17*n**2 + 17*n - 4. What is c(3)?
-106
Let l(d) = -d**3 + 59*d**2 + 156*d - 9198. Give l(59).
6
Let q(b) = 1433*b + 12900. Determine q(-9).
3
Let p(j) = 77*j - 2169. Calculate p(28).
-13
Let o(v) = -16*v + 99. Give o(12).
-93
Let k(w) = 5141*w - 5148. Give k(1).
-7
Let f(l) = 6*l**3 +